s).
-3
Suppose 0 = 4*r + 5*m - 5, -2*r + 5*m + 25 = 0. Let a(f) = -4*f + 9 + 3*f - r*f + 4*f. What is a(6)?
-3
Suppose -4*n + 0*n = 28. Let g = 11 + n. Suppose 2 = -g*t + 6. Let o(d) = -3*d**2 + 2*d - 1. Give o(t).
-2
Let k(t) = 2 - 6*t**2 + t**3 - 5 + 4 + 2*t. Determine k(2).
-11
Let r(t) = 3*t - 2. Let p(b) = 3*b. Let o be p(6). Let v = o - 15. Give r(v).
7
Suppose -6 = 2*w, 3*g - 9 = -2*g - 2*w. Let t(q) = q**3 - 8*q**2 + q - 2 + 3*q**3 - g*q**3 + 3*q**2. What is t(5)?
3
Suppose -5 = -5*o - 4*i, 3*o - 2*i + 4*i = 1. Let t(b) = -b**3 - 2*b**2 - 2*b - 3. Calculate t(o).
12
Let x(u) = 4*u - 5. Let r(b) = b**2 - 12*b - 9. Let t be r(13). Suppose -t*q + 7*n = 4*n - 13, 2*n + 2 = q. Determine x(q).
11
Suppose 2*a = -5*w + 2*w - 16, 3*w - a = -10. Suppose 2*p - 8*p = -24. Let k(r) = 3 + 0*r - 4*r - 4*r**2 + 2*r + p*r - r**3. Give k(w).
-5
Let u(i) = 2*i - 4. Suppose 2*t = 23 - 15. Determine u(t).
4
Let w(a) be the third derivative of -a**6/120 - a**5/60 + 5*a**3/6 + 2*a**2. Let u be w(0). Let v(n) = -u - 2*n + 4 + 4*n. Determine v(4).
7
Suppose -m = -3*m + 16. Suppose 0 = 2*t - 2*k - 3*k - 10, -m = t + 4*k. Let r(j) = -4*j**2 + 4*j**2 - j**2. Give r(t).
0
Let p = -7 + 2. Let q(r) = -3*r**2 + 3*r**2 + 6 + 3*r**2 + 7*r - 2*r**2. Determine q(p).
-4
Let h(q) be the first derivative of q**6/360 - q**4/12 + 4*q**3/3 + 3. Let i(m) be the third derivative of h(m). Suppose -3*y + 3 = -6. What is i(y)?
7
Let v be ((-4)/3)/(3/(-9)). Let x(l) = -3*l**3 - 2*l**2 + l + 3. Let r(t) = 2*t**3 + t**2 - 2. Let m(u) = v*r(u) + 3*x(u). Give m(-3).
1
Let t(x) = -5*x + 1. Suppose -2*k = 4*k + 30. Let i = k - -7. Give t(i).
-9
Let g(w) = w**2 + 7*w + 5. Let c be g(-6). Suppose -18 = -l - 5*i, 2*i = -5*l + 9 + 12. Let u(p) = -5 - 4*p**2 + 5*p**l + p**2 + 6 + p**2. Determine u(c).
-6
Let q = -4 - -8. Let a(j) = -14*j + 4. Let x(p) = 5*p + 0*p + 0 - 1. Let c(r) = -4*a(r) - 11*x(r). Calculate c(q).
-1
Let q(t) = -t**2 + 2*t + 2. Let g(u) be the second derivative of 0 + 1/3*u**3 - u - u**2. Let w be g(3). Calculate q(w).
-6
Suppose -z - 3*s - 8 = 0, 1 = 3*z + 5*s - s. Let h(l) = 2*l - 8. Give h(z).
6
Let a = -63 - -59. Let r(u) = 3*u + 3. Calculate r(a).
-9
Let y(n) = -6 + 4*n**2 + 3 - n**2 - 4*n - 6*n**2. Let o = 2 - 4. What is y(o)?
-7
Let l(c) = c + 2*c**2 - 6*c**2 + 4 + 3*c**2. Let u be l(3). Let v(r) = -r**3 - 3*r**2 + r. Give v(u).
-6
Let c(h) = -h**2 + 2*h + 4. Let k(w) be the second derivative of -w**3/6 + 3*w**2 - w. Let l be k(0). Let n = -3 + l. Determine c(n).
1
Let u(h) = 3*h - 7. Let v(m) = 4*m - 8. Let x(w) = -5*u(w) + 4*v(w). Determine x(-5).
-2
Let o(q) be the second derivative of 1/12*q**4 + 0 - 2*q + q**3 - 5/2*q**2. Calculate o(-5).
-10
Let f(h) be the third derivative of h**5/60 - h**4/24 - 5*h**3/6 - 9*h**2. Let s = 8 + -4. Calculate f(s).
7
Let h(q) = -q**3 + 4*q**2 + 2*q + 6. Let j be h(5). Let p = j + 15. Let y(a) = a**3 - 5*a**2 - 6*a + 8. Calculate y(p).
8
Let t(w) be the second derivative of w**5/20 - 7*w**4/12 + 7*w**3/6 + w**2/2 - 10*w. Let u = 19 - 14. Calculate t(u).
-14
Let g(l) = -2*l**2 + 5*l + 16. Let u be g(-2). Let m(a) = -a**2 - a + 2. Give m(u).
0
Suppose -5*d = -3*y + 6, 2*y - 4*y - 3*d + 4 = 0. Let q = -11 - -15. Let a(c) = -1 - 3*c**2 - c**y - c + q*c**3 + 5*c**2. Give a(-1).
-3
Let p(l) = 2*l**3 + l**2 + 6*l + 2*l**3 - 4*l + 1. Let n be 3/(-2)*4/3. Let k = n - -1. What is p(k)?
-4
Let d(l) be the second derivative of -l**4/12 - l**3/6 + 11*l**2/2 + 5*l. Suppose f = -0*f + 5. Let j = 5 - f. What is d(j)?
11
Let m = -1 + 2. Let f(c) be the second derivative of c**2/2 - 2*c. Let q(u) = -3*u + 3. Let h(v) = 3*f(v) - q(v). What is h(m)?
3
Suppose 5*g = -7*i + 3*i - 44, -i + 3*g = -6. Let r(p) = p**2 + 5*p. What is r(i)?
6
Let a be ((-4)/3)/(38/(-57)). Let p(d) be the second derivative of 0 + 1/20*d**5 + 7/2*d**a + 1/2*d**4 - d + 4/3*d**3. What is p(-5)?
-8
Let d(z) = -z - 1. Let p(w) = -w**3 - 2*w**2 + 3*w - 3. Let b be p(-3). Let q = -2 - b. Suppose 0*f - f = -q. What is d(f)?
-2
Let n(z) = -4*z - 31. Let u be n(-7). Let m(q) = 0*q + q**2 + 0 - 2*q - 2. What is m(u)?
13
Let o(q) = q + 2. Let i = 12 + -6. Suppose -2*r = -i*r - 12. Give o(r).
-1
Let n(d) be the second derivative of d**5/20 - d**4/6 + d**3/6 - d**2 - 21*d. Determine n(2).
0
Let l be 3 + (2 - (2 + 0)). Let i(p) = 4*p + 1. What is i(l)?
13
Suppose 4*d = 3*v + 18, 0 = 3*v - 8*v + 5*d - 25. Let y be (0 - -2)/(1/v). Let t(o) be the second derivative of -o**4/12 - o**3 - 5*o**2/2 - 3*o. What is t(y)?
3
Suppose 5*l - 16 = 3*j, 4*l + l = 5*j + 10. Suppose b - l*b = 0. Let y(q) = q**2 - 1. Let p(m) = 3*m**2 + m - 15. Let i(u) = -p(u) + 4*y(u). Calculate i(b).
11
Let s(y) be the second derivative of -y**5/20 - y**4/4 + y**2/2 - y. Suppose -18 = -4*m + t + 1, 5*m + 2*t = 14. Let f = m - 7. Calculate s(f).
1
Let v(m) be the first derivative of m**4/4 - m**3/3 - m**2/2 - 10*m + 1. Determine v(0).
-10
Suppose -4*j - 26 = 26. Let s = j + 8. Let k(b) = b**3 + 6*b**2 + 5*b - 3. Give k(s).
-3
Let h(m) = m - 10. Let z = -100 - -106. What is h(z)?
-4
Let r(j) = j**3 + 13*j**2 - 5*j + 11. Let g(d) = -d**2 + d - 1. Let c(y) = -6*g(y) - r(y). Let z be (-2 - 5)/(-1 - -2). What is c(z)?
2
Let g(y) = -y - 9. Let l be g(-12). Let i(r) = -10*r - 2*r**l - 11 + r**3 + 9*r + 1. Give i(0).
-10
Let l(c) = -5*c + 11 - 12 + 4*c. Suppose -4*x = -5*n - 31 + 3, -20 = 5*n. Give l(x).
-3
Let s(x) = x. Let r(j) = -7*j. Let q(v) = -r(v) + 2*s(v). Determine q(1).
9
Let s(h) = 4*h**3 - h**2 + 2*h - 2. Let v(c) = 3*c**3 + 2*c - 2. Let l(n) = -4*s(n) + 5*v(n). Let g = 18 + -35. Let w = -13 - g. Give l(w).
6
Let f(k) = k**2 + 2*k - 3. Suppose 2*w + 102 = 4*o, -3*o - 2*w = -65 - 8. Suppose 5*b = 5*p + o, -b = p - 0*p + 1. Determine f(p).
0
Let v(l) = l. Suppose 2 = 5*p + y, 5*p + 4*y = y - 4. What is v(p)?
1
Let y be (0 - -1)/(3/15). Suppose -y*s = -4*o - 1, -o + 2*s = -6*o + 7. Let h(p) be the first derivative of -p**4/2 - p**3/3 + p**2/2 + 23. Determine h(o).
-2
Let o(h) = 2*h - 1. Let i be o(2). Let b be 1/(-3 - 10/(-4)). Let s = i + b. Let u(f) = -3*f - 1. What is u(s)?
-4
Let g(i) = 48*i - 4 - i**2 + i**3 - 44*i - 3*i**2. Let u(n) = -n**3 + 3*n**2 - n + 1. Let c be u(2). Calculate g(c).
-1
Let q(t) = -7*t**2. Let i be (-3)/(12/52) - 1. Let w be 6/(-5) - i/70. Determine q(w).
-7
Let y(a) = -8 - 1 + 41*a - 25*a - 17*a. Let d be (5/3)/((-1)/3). Calculate y(d).
-4
Suppose -5 - 7 = -3*s. Let t(o) = -5*o - 2*o**2 + 1 + o**2 - 2*o**2 + o**3. Give t(s).
-3
Let m(a) be the third derivative of -a**8/6720 + a**7/630 + a**6/180 + 7*a**5/120 - a**4/8 + 3*a**2. Let b(x) be the second derivative of m(x). Calculate b(5).
2
Let q(k) be the third derivative of k**6/120 - 7*k**5/60 - k**4/24 - k**3/3 - k**2. Give q(7).
-9
Let i(n) = -3*n**2 - 2*n - 1. Let y = -124 + 122. Give i(y).
-9
Let v(s) = -s**3 - 9*s**2 + 12*s + 8. Let r(b) = b**3 + 8*b**2 - 11*b - 7. Let i(z) = -6*r(z) - 5*v(z). Give i(-4).
-6
Let b be -4 - 3/(9/(-21)). Let l(n) be the second derivative of 2*n + 0 + 1/12*n**4 - 1/2*n**2 + 0*n**b. Give l(-2).
3
Suppose -2*g - 2 = -8. Suppose g*f - 6 = 6*f. Let k(x) = -2*x**3 - 2*x**2 - 2. Calculate k(f).
6
Let k = -21 - -5. Let f be k/(-40) + (-12)/5. Let d(o) = o**3 + 3*o**2 - 1. Determine d(f).
3
Suppose -h - 3*h = 0. Let u be 0*1*(-1 + h). Let i(d) = -d + 7. Give i(u).
7
Let n(m) = m**3 - 3*m**2 - m + 4. Let j be n(3). Let h(p) = p + j - 2 - 4*p. Suppose 2*k - 2 = -k - 4*b, 12 = -4*k + 2*b. What is h(k)?
5
Suppose 0 = 2*g - 4*j + 15 + 5, 4*g = -5*j - 14. Let x(q) be the second derivative of -q**2 - 1/6*q**3 + 0 + 4*q. What is x(g)?
4
Let c(k) = 3*k**3 + 2*k**2 - 1. Let t(a) = -a**2 - 13*a - 23. Let f be t(-11). Give c(f).
-2
Let k(d) = d**2 - d + 3. Let t(v) be the third derivative of v**6/120 + 7*v**5/60 + 5*v**4/24 - v**3 - 2*v**2. Let s be t(-6). What is k(s)?
3
Let g be 3*1 - 289/102. Let i(u) be the third derivative of 0 - u**2 - g*u**4 + 1/20*u**5 + 1/2*u**3 + 0*u. Determine i(2).
7
Let o(y) = y**3 - 2*y + 2. Let p = 10 - 8. Determine o(p).
6
Let c(p) = 7*p**2 + p. Let b(y) = y - 10. Let t be b(9). Give c(t).
6
Suppose 8 = 4*w + 3*x - 2, -3*w = -5*x + 7. Suppose -w = 3*s + 4*b, 3*b = -4*s - 0*s + 8. Let u(k) = -2*k**2 - 2 + k + 2*k + k**2. Determine u(s).
-12
Let b(t) = t**2 - 6. Let h(k) = -3 + 4 + 0. Let u(d) =